(-10) is divided by 65/9 + 4/(-18)?
5
Suppose g - 2*g = -3. What is the remainder when 6/((-3)/(0 - g)) is divided by 3?
0
Calculate the remainder when 15 is divided by (-85)/(-10) - 15/10.
1
What is the remainder when ((-6)/(-9))/(-3 - (-130)/42) is divided by 4?
3
Let w = 66 + -54. Let r = -2 - -8. Suppose -z = -r*z + 115. Calculate the remainder when z is divided by w.
11
What is the remainder when 4 is divided by -1 + (-9)/(-3) - 1?
0
Suppose t = -5*y - 23, -5*t + 2*y = 4 - 24. Calculate the remainder when 4 is divided by t.
0
Let a(w) = -w**2 + 13*w. Let u be a(13). Suppose u*b - 47 = -b. Suppose f = 2*z + 16, 29 = -5*f - 5*z + 79. Calculate the remainder when b is divided by f.
11
Suppose 0*n = 5*p + 2*n + 6, 3*n = -9. Suppose -z - d - 2*d + 26 = p, -25 = -5*d. Suppose -u = 3 - 9. Calculate the remainder when z is divided by u.
5
Suppose 4 = 10*q - 16. What is the remainder when 3 is divided by q?
1
What is the remainder when 17 is divided by -4 + -15*(-8)/12?
5
Suppose 1 = -h + 14. What is the remainder when h is divided by 7?
6
Suppose 5*b + 2*a = 133, -b + 0*a + 5*a + 5 = 0. What is the remainder when 119 is divided by b?
19
Calculate the remainder when 35 is divided by (1911/77 - 4) + (-6)/(-33).
14
Suppose -10 - 11 = -3*y. Suppose -15 = -2*u + y. Let g = -8 + u. Calculate the remainder when 9 is divided by g.
0
Let l be (0 - 0)*(-2)/(-4). Let w = 192 - 165. Calculate the remainder when w is divided by l + 5/(5/14).
13
Suppose 4*b + 8 = 0, -3*j - 2*j = -2*b + 51. Let x(s) = s + 14. Let f be x(j). Suppose -8 - 10 = -f*r. What is the remainder when r is divided by 4?
2
Suppose 21 = 5*l - 9. Let r(s) = 2*s + 4. What is the remainder when r(6) is divided by l?
4
Let y(z) = z - 7*z + 5 + z. Suppose 4*q = -5*x + 84 - 14, 3*x = -2*q + 44. Calculate the remainder when y(-6) is divided by x.
17
Let q = 35 + -3. Let b = 59 - q. Let w = -2 + 16. Calculate the remainder when b is divided by w.
13
Let k(g) = g**3 + 10*g**2 + 5*g + 13. What is the remainder when k(-8) is divided by 26?
23
Calculate the remainder when ((-70)/(-4))/7*6 is divided by 5.
0
What is the remainder when (2/3)/(21/1197) is divided by 13?
12
Let d = 0 + -8. Let q = d + 7. Let p(f) = -43*f. What is the remainder when p(q) is divided by 22?
21
Let c(h) = -h - 3. Suppose -2*p + 6*p + 28 = 0. What is the remainder when 10 is divided by c(p)?
2
Suppose -93*z + 89*z + 104 = 0. What is the remainder when 127 is divided by z?
23
Suppose 0 = -f - 0*i - 4*i + 48, -3*i + 45 = f. Calculate the remainder when f is divided by 522/27 - 1/3.
17
Let a be 6/3 - (1 + 1). Suppose 50 = -a*l + 2*l. Suppose 3*k + 47 = 3*s + 14, 5*k + 37 = 3*s. Calculate the remainder when l is divided by s.
7
Let c(l) = -3*l**3 - 1. Suppose 4 + 1 = -5*p. Let y be c(p). Suppose 12 = y*s - 4*z, -4 = 5*s + 5*z - 19. Calculate the remainder when 6 is divided by s.
2
Let d(j) = 19*j**3. Calculate the remainder when 91 is divided by d(1).
15
Let p(b) = 2*b**2 - 2*b - 26. Let z(n) = -n**2 + n + 13. Let f(j) = -3*p(j) - 5*z(j). What is the remainder when 51 is divided by f(0)?
12
Suppose -10*m + 6 = -7*m. Let l(a) = a**3 + 4*a**2 + 2. What is the remainder when m is divided by l(-4)?
0
Let a = -77 + 108. What is the remainder when 59 is divided by a?
28
What is the remainder when 2/6 + 476/21 is divided by 5?
3
What is the remainder when 29 is divided by 33*4/(-24)*-2?
7
Let g be (-2)/12*2*-6. Let a = g + 0. Suppose -3*p + 27 = 3*m, a*m - 1 = -4*p + 27. Calculate the remainder when 6 is divided by m.
2
Suppose 19*m - 120 = 16*m. What is the remainder when 91 is divided by m?
11
Suppose 0 = -2*c + 5*k + 74, -2*c + 4*k = 2*k - 86. What is the remainder when 281 is divided by c?
46
Suppose 7*t = 4 + 66. Calculate the remainder when 56 is divided by t.
6
Let b(c) = -3*c**3 - c**2 + 4*c + 3. Let h = 2 - 4. Calculate the remainder when 29 is divided by b(h).
14
Suppose 3*n = -0*n + 126. Suppose -n = u - 107. Suppose -3*t = -u + 20. Calculate the remainder when t is divided by 9.
6
Suppose -2*g = t - 3*t - 20, -2*g + 2 = 4*t. Let k(l) = 19*l**2 + l - 1. Let a be (-9)/6*2/(-3). What is the remainder when k(a) is divided by g?
5
Let x(c) = -c**3 + 2*c**2 + c - 3. Let h be x(3). Let v = 21 + h. What is the remainder when v is divided by 7?
5
Suppose 4*g - g - 135 = 0. Calculate the remainder when g is divided by 23.
22
Calculate the remainder when 27 is divided by 4/(-6) + -5 + 200/12.
5
Let n = -11 - -11. Let i = 13 + n. Calculate the remainder when i is divided by 8.
5
Let v(z) = -z**2 - 21*z - 14. Let w(m) = 2*m**2 + 43*m + 29. Let x(j) = 13*v(j) + 6*w(j). What is the remainder when x(-10) is divided by 11?
9
Suppose 2*g - g = -5, 2*u - 266 = 4*g. What is the remainder when u is divided by 18?
15
Calculate the remainder when 9/11 + -1 - (-3801)/33 is divided by 29.
28
Suppose 0 = 14*c - 10*c - 40. Let f = 14 - c. Calculate the remainder when 5 is divided by f.
1
Suppose -2*t = -3*t + 2. Suppose t*o = o + 28. What is the remainder when o is divided by 10?
8
Suppose -4*i + 6*i - 2*c = 0, -2*i - 5*c = 14. What is the remainder when 56 is divided by 2/4 + (-37)/i?
18
Let l(n) = n**2 - 5*n + 5. Suppose 3*c - 62 = -2*a, 3*a = 3*c + 2*c - 135. Suppose -2*d + c = d. Calculate the remainder when d is divided by l(5).
3
Let d = -2 - -16. Calculate the remainder when -2 + (-1 - -4) + 38 is divided by d.
11
Suppose -3*g + 39 = g + 5*k, 3*g = -4*k + 28. Calculate the remainder when g is divided by 9.
7
What is the remainder when 8/(-44) - (486/(-11))/1 is divided by 16?
12
What is the remainder when 161 is divided by (-1)/((15/(-205))/3)?
38
Let g be ((-6)/8)/((-3)/324). Suppose 5*q - g = 19. What is the remainder when q is divided by 7?
6
Suppose 41 = 3*o + 5. Suppose h - 2*h = -4*s + o, -4*s + 28 = 3*h. Calculate the remainder when 5 is divided by h.
1
Let w = -43 - -61. What is the remainder when 31 is divided by w?
13
Let a(m) be the third derivative of m**6/120 + m**5/15 - m**4/12 - 4*m**2. Let h be a(-4). Suppose 4 = y - h. What is the remainder when 22 is divided by y?
10
What is the remainder when 1*-1 + ((-168)/(-6) - -5) is divided by 14?
4
Let t be (-9)/(-2) - (-3)/(-2). Let v(m) = m**2 + m - 2. Calculate the remainder when 18 is divided by v(t).
8
Let m = -15 + 17. Let g(p) = p**3 - 4*p**2 + 5*p - 3. Suppose 0 = -4*l + 5 + 7. Calculate the remainder when g(l) is divided by m.
1
Suppose 5*m + 14 - 49 = 0. Let k(b) = b**2 - 7*b + 3. What is the remainder when 9 is divided by k(m)?
0
Suppose s + 4*s + u - 81 = 0, -2*s = 4*u - 36. Calculate the remainder when 62 is divided by s.
14
Let u = 71 - 46. Suppose -3*s = -7*s - 3*r + u, 3*s - 25 = 4*r. Suppose -24 = -3*w + w. What is the remainder when w is divided by s?
5
Calculate the remainder when (-5 + 10)*(-4)/10*-27 is divided by 14.
12
Suppose -2*s - 52 = -6*s. Let k = 58 - 20. What is the remainder when k is divided by s?
12
Let y(v) = v**3 + 6*v**2 - 8*v - 5. Let u be y(-7). Suppose -b - u = 2, -4*b + 69 = 5*s. What is the remainder when 33 is divided by s?
16
Let v(x) = x**2 - 4*x - 39. What is the remainder when v(-12) is divided by 14?
13
Let h(a) = a**3 + 2*a**2 - 4*a. Suppose 6*m + 6 = 4*m. What is the remainder when 6 is divided by h(m)?
0
Let x be (-49)/(-21) + 1/(-3). Suppose 67 = 2*r - 5*y, -x*r - 5*y = -6*r + 139. What is the remainder when r is divided by 13?
10
Suppose 5*o = -w + 34, -w - 6 = -3*o - 2*o. Suppose -4*f = -14 - w. Calculate the remainder when 12 is divided by f.
5
Let w(i) = -i. What is the remainder when 44 is divided by w(-9)?
8
Suppose 3*z - 6*z + 102 = 0. Suppose -5*w = -2*g + 21, -4*g + z + 53 = -w. What is the remainder when g is divided by 6?
5
Suppose -c + 5*m - 2*m = -214, c - 214 = -5*m. Calculate the remainder when c is divided by 54.
52
Let q(f) = f. Let d(l) = -4*l - 5. Let o(k) = d(k) - 2*q(k). Let n be o(-4). Let w = n - 9. What is the remainder when 19 is divided by w?
9
Suppose -v + 20 = -0. Suppose 87 = -5*j + 382. What is the remainder when j is divided by v?
19
Suppose 0 = -5*u - 53 + 153. Suppose -u = -3*s - 0*y - y, -2*s + 3*y = -6. What is the remainder when 2 is divided by (-10)/(-6) + 2/s?
0
Suppose 205 = 14*j - 705. Calculate the remainder when 194 is divided by j.
64
Let y be 2/((-11)/9 - -1). Let q = 13 + -7. Calculate the